{"id":2246,"date":"2021-03-26T15:34:42","date_gmt":"2021-03-26T14:34:42","guid":{"rendered":"http:\/\/www.festival-escales-photos.fr\/?page_id=2246"},"modified":"2021-06-10T14:58:44","modified_gmt":"2021-06-10T12:58:44","slug":"juliette-pavy-la-memoire-des-iles","status":"publish","type":"page","link":"https:\/\/www.festival-escales-photos.fr\/index.php\/juliette-pavy-la-memoire-des-iles\/","title":{"rendered":"Juliette Pavy La M\u00e9moire des \u00celes"},"content":{"rendered":"\t\t<div data-elementor-type=\"wp-page\" data-elementor-id=\"2246\" class=\"elementor elementor-2246\">\n\t\t\t\t\t\t<section class=\"elementor-section elementor-top-section elementor-element elementor-element-537290ff elementor-section-boxed elementor-section-height-default elementor-section-height-default\" data-id=\"537290ff\" data-element_type=\"section\">\n\t\t\t\t\t\t<div class=\"elementor-container elementor-column-gap-default\">\n\t\t\t\t\t<div class=\"elementor-column elementor-col-100 elementor-top-column elementor-element elementor-element-15d84dff\" data-id=\"15d84dff\" data-element_type=\"column\">\n\t\t\t<div class=\"elementor-widget-wrap elementor-element-populated\">\n\t\t\t\t\t\t<div class=\"elementor-element elementor-element-281d41c7 elementor-widget elementor-widget-heading\" data-id=\"281d41c7\" data-element_type=\"widget\" data-widget_type=\"heading.default\">\n\t\t\t\t<div class=\"elementor-widget-container\">\n\t\t\t\t\t<h2 class=\"elementor-heading-title elementor-size-large\">Juliette Pavy<\/h2>\t\t\t\t<\/div>\n\t\t\t\t<\/div>\n\t\t\t\t\t<\/div>\n\t\t<\/div>\n\t\t\t\t\t<\/div>\n\t\t<\/section>\n\t\t\t\t<section class=\"elementor-section elementor-top-section elementor-element elementor-element-722153c0 elementor-section-boxed elementor-section-height-default elementor-section-height-default\" data-id=\"722153c0\" data-element_type=\"section\">\n\t\t\t\t\t\t<div class=\"elementor-container elementor-column-gap-default\">\n\t\t\t\t\t<div class=\"elementor-column elementor-col-100 elementor-top-column elementor-element elementor-element-6b02a2b1\" data-id=\"6b02a2b1\" data-element_type=\"column\">\n\t\t\t<div class=\"elementor-widget-wrap elementor-element-populated\">\n\t\t\t\t\t\t<section class=\"elementor-section elementor-inner-section elementor-element elementor-element-4dd088a7 elementor-section-boxed elementor-section-height-default elementor-section-height-default\" data-id=\"4dd088a7\" data-element_type=\"section\">\n\t\t\t\t\t\t<div class=\"elementor-container elementor-column-gap-default\">\n\t\t\t\t\t<div class=\"elementor-column elementor-col-50 elementor-inner-column elementor-element elementor-element-5862da72\" data-id=\"5862da72\" data-element_type=\"column\">\n\t\t\t<div class=\"elementor-widget-wrap elementor-element-populated\">\n\t\t\t\t\t\t<div class=\"elementor-element elementor-element-78e4ad4 elementor-widget elementor-widget-image\" data-id=\"78e4ad4\" data-element_type=\"widget\" data-widget_type=\"image.default\">\n\t\t\t\t<div class=\"elementor-widget-container\">\n\t\t\t\t\t\t\t\t\t\t\t\t\t\t\t<img fetchpriority=\"high\" decoding=\"async\" width=\"1000\" height=\"741\" src=\"https:\/\/www.festival-escales-photos.fr\/wp-content\/uploads\/2021\/03\/juliette-pavy-photographe-bretagne.jpeg\" class=\"attachment-large size-large wp-image-2213\" alt=\"\" srcset=\"https:\/\/www.festival-escales-photos.fr\/wp-content\/uploads\/2021\/03\/juliette-pavy-photographe-bretagne.jpeg 1000w, https:\/\/www.festival-escales-photos.fr\/wp-content\/uploads\/2021\/03\/juliette-pavy-photographe-bretagne-300x222.jpeg 300w, https:\/\/www.festival-escales-photos.fr\/wp-content\/uploads\/2021\/03\/juliette-pavy-photographe-bretagne-768x569.jpeg 768w\" sizes=\"(max-width: 1000px) 100vw, 1000px\" \/>\t\t\t\t\t\t\t\t\t\t\t\t\t\t\t<\/div>\n\t\t\t\t<\/div>\n\t\t\t\t<div class=\"elementor-element elementor-element-16cb9469 elementor-widget elementor-widget-heading\" data-id=\"16cb9469\" data-element_type=\"widget\" data-widget_type=\"heading.default\">\n\t\t\t\t<div class=\"elementor-widget-container\">\n\t\t\t\t\t<div class=\"elementor-heading-title elementor-size-default\">\u00a9Pauline de la Reveliere<\/div>\t\t\t\t<\/div>\n\t\t\t\t<\/div>\n\t\t\t\t\t<\/div>\n\t\t<\/div>\n\t\t\t\t<div class=\"elementor-column elementor-col-50 elementor-inner-column elementor-element elementor-element-766d80c0\" data-id=\"766d80c0\" data-element_type=\"column\">\n\t\t\t<div class=\"elementor-widget-wrap elementor-element-populated\">\n\t\t\t\t\t\t<div class=\"elementor-element elementor-element-5898bdcd elementor-widget elementor-widget-heading\" data-id=\"5898bdcd\" data-element_type=\"widget\" data-widget_type=\"heading.default\">\n\t\t\t\t<div class=\"elementor-widget-container\">\n\t\t\t\t\t<h2 class=\"elementor-heading-title elementor-size-default\">Le portrait de la photographe<\/h2>\t\t\t\t<\/div>\n\t\t\t\t<\/div>\n\t\t\t\t<div class=\"elementor-element elementor-element-70471e8c elementor-widget elementor-widget-spacer\" data-id=\"70471e8c\" data-element_type=\"widget\" data-widget_type=\"spacer.default\">\n\t\t\t\t<div class=\"elementor-widget-container\">\n\t\t\t\t\t\t\t<div class=\"elementor-spacer\">\n\t\t\t<div class=\"elementor-spacer-inner\"><\/div>\n\t\t<\/div>\n\t\t\t\t\t\t<\/div>\n\t\t\t\t<\/div>\n\t\t\t\t<div class=\"elementor-element elementor-element-21dde8eb elementor-widget elementor-widget-text-editor\" data-id=\"21dde8eb\" data-element_type=\"widget\" data-widget_type=\"text-editor.default\">\n\t\t\t\t<div class=\"elementor-widget-container\">\n\t\t\t\t\t\t\t\t\t<p>Juliette vit entre Paris et la Bretagne. Dipl\u00f4m\u00e9e en \u00e9cole d\u2019ing\u00e9nieur en biologie elle est \u00e9galement photojournaliste, elle travaille avec Le Parisien, L&#8217;Humanit\u00e9, Lib\u00e9ration, &#8230;\u00a0<\/p><p>La photographe d\u00e9veloppe une approche documentaire de la photographie autour de th\u00e8mes soci\u00e9taux et environnementaux.<\/p><p>En 2020 elle a remport\u00e9 le prix jeune de RDVI pour sa s\u00e9rie sur la p\u00eache \u00e0 la crevette &#8220;Paardevisser&#8221;.\u00a0<\/p>\t\t\t\t\t\t\t\t<\/div>\n\t\t\t\t<\/div>\n\t\t\t\t\t<\/div>\n\t\t<\/div>\n\t\t\t\t\t<\/div>\n\t\t<\/section>\n\t\t\t\t\t<\/div>\n\t\t<\/div>\n\t\t\t\t\t<\/div>\n\t\t<\/section>\n\t\t\t\t<section class=\"elementor-section elementor-top-section elementor-element elementor-element-4705c411 elementor-section-boxed elementor-section-height-default elementor-section-height-default\" data-id=\"4705c411\" data-element_type=\"section\">\n\t\t\t\t\t\t<div class=\"elementor-container elementor-column-gap-default\">\n\t\t\t\t\t<div class=\"elementor-column elementor-col-100 elementor-top-column elementor-element elementor-element-463b364\" data-id=\"463b364\" data-element_type=\"column\">\n\t\t\t<div class=\"elementor-widget-wrap elementor-element-populated\">\n\t\t\t\t\t\t<div class=\"elementor-element elementor-element-f9d45a6 elementor-widget elementor-widget-heading\" data-id=\"f9d45a6\" data-element_type=\"widget\" data-widget_type=\"heading.default\">\n\t\t\t\t<div class=\"elementor-widget-container\">\n\t\t\t\t\t<span class=\"elementor-heading-title elementor-size-large\">La m\u00e9moire des \u00celes<\/span>\t\t\t\t<\/div>\n\t\t\t\t<\/div>\n\t\t\t\t<div class=\"elementor-element elementor-element-4c26d75f elementor-widget elementor-widget-image\" data-id=\"4c26d75f\" data-element_type=\"widget\" data-widget_type=\"image.default\">\n\t\t\t\t<div class=\"elementor-widget-container\">\n\t\t\t\t\t\t\t\t\t\t\t\t\t\t\t<img decoding=\"async\" width=\"1024\" height=\"682\" src=\"https:\/\/www.festival-escales-photos.fr\/wp-content\/uploads\/2021\/06\/festival-photo-2021-Morbihans\u00a9JPavy-1024x682.jpg\" class=\"attachment-large size-large wp-image-2512\" alt=\"Festival photo de rue 2021 dans le Morbihan\" srcset=\"https:\/\/www.festival-escales-photos.fr\/wp-content\/uploads\/2021\/06\/festival-photo-2021-Morbihans\u00a9JPavy-1024x682.jpg 1024w, https:\/\/www.festival-escales-photos.fr\/wp-content\/uploads\/2021\/06\/festival-photo-2021-Morbihans\u00a9JPavy-300x200.jpg 300w, https:\/\/www.festival-escales-photos.fr\/wp-content\/uploads\/2021\/06\/festival-photo-2021-Morbihans\u00a9JPavy-768x512.jpg 768w, https:\/\/www.festival-escales-photos.fr\/wp-content\/uploads\/2021\/06\/festival-photo-2021-Morbihans\u00a9JPavy-1536x1024.jpg 1536w, https:\/\/www.festival-escales-photos.fr\/wp-content\/uploads\/2021\/06\/festival-photo-2021-Morbihans\u00a9JPavy.jpg 2000w\" sizes=\"(max-width: 1024px) 100vw, 1024px\" \/>\t\t\t\t\t\t\t\t\t\t\t\t\t\t\t<\/div>\n\t\t\t\t<\/div>\n\t\t\t\t<div class=\"elementor-element elementor-element-7406a569 elementor-widget elementor-widget-text-editor\" data-id=\"7406a569\" data-element_type=\"widget\" data-widget_type=\"text-editor.default\">\n\t\t\t\t<div class=\"elementor-widget-container\">\n\t\t\t\t\t\t\t\t\t<p>Un travail de collectage photographique r\u00e9alis\u00e9 par la photographe Juliette Pavy.<\/p>\t\t\t\t\t\t\t\t<\/div>\n\t\t\t\t<\/div>\n\t\t\t\t<div class=\"elementor-element elementor-element-608b043c elementor-widget elementor-widget-text-editor\" data-id=\"608b043c\" data-element_type=\"widget\" data-widget_type=\"text-editor.default\">\n\t\t\t\t<div class=\"elementor-widget-container\">\n\t\t\t\t\t\t\t\t\t<p><a href=\"https:\/\/www.festival-escales-photos.fr\/wp-content\/uploads\/2019\/05\/expo-vertical-morbraz.pdf\" class=\"pdfemb-viewer\" style=\"\" data-width=\"max\" data-height=\"max\" data-toolbar=\"bottom\" data-toolbar-fixed=\"off\">expo-vertical-morbraz<\/a><\/p>\t\t\t\t\t\t\t\t<\/div>\n\t\t\t\t<\/div>\n\t\t\t\t<div class=\"elementor-element elementor-element-64e44b60 elementor-align-center elementor-widget elementor-widget-button\" data-id=\"64e44b60\" data-element_type=\"widget\" data-widget_type=\"button.default\">\n\t\t\t\t<div class=\"elementor-widget-container\">\n\t\t\t\t\t\t\t\t\t<div class=\"elementor-button-wrapper\">\n\t\t\t\t\t<a class=\"elementor-button elementor-button-link elementor-size-sm\" href=\"https:\/\/www.juliettepavy.com\/\">\n\t\t\t\t\t\t<span class=\"elementor-button-content-wrapper\">\n\t\t\t\t\t\t\t\t\t<span class=\"elementor-button-text\">En savoir + sur Juliette Pavy<\/span>\n\t\t\t\t\t<\/span>\n\t\t\t\t\t<\/a>\n\t\t\t\t<\/div>\n\t\t\t\t\t\t\t\t<\/div>\n\t\t\t\t<\/div>\n\t\t\t\t\t<\/div>\n\t\t<\/div>\n\t\t\t\t\t<\/div>\n\t\t<\/section>\n\t\t\t\t<\/div>\n\t\t","protected":false},"excerpt":{"rendered":"<p>Juliette Pavy \u00a9Pauline de la Reveliere Le portrait de la photographe Juliette vit entre Paris et la Bretagne. Dipl\u00f4m\u00e9e en \u00e9cole d\u2019ing\u00e9nieur en biologie elle est \u00e9galement photojournaliste, elle travaille avec Le Parisien, L&#8217;Humanit\u00e9, Lib\u00e9ration, &#8230;\u00a0 La photographe d\u00e9veloppe une approche documentaire de la photographie autour de th\u00e8mes soci\u00e9taux et environnementaux. En 2020 elle a [&hellip;]<\/p>\n","protected":false},"author":1,"featured_media":0,"parent":0,"menu_order":0,"comment_status":"closed","ping_status":"closed","template":"","meta":{"_monsterinsights_skip_tracking":false,"_monsterinsights_sitenote_active":false,"_monsterinsights_sitenote_note":"","_monsterinsights_sitenote_category":0,"ocean_post_layout":"","ocean_both_sidebars_style":"","ocean_both_sidebars_content_width":0,"ocean_both_sidebars_sidebars_width":0,"ocean_sidebar":"","ocean_second_sidebar":"","ocean_disable_margins":"enable","ocean_add_body_class":"","ocean_shortcode_before_top_bar":"","ocean_shortcode_after_top_bar":"","ocean_shortcode_before_header":"","ocean_shortcode_after_header":"","ocean_has_shortcode":"","ocean_shortcode_after_title":"","ocean_shortcode_before_footer_widgets":"","ocean_shortcode_after_footer_widgets":"","ocean_shortcode_before_footer_bottom":"","ocean_shortcode_after_footer_bottom":"","ocean_display_top_bar":"default","ocean_display_header":"default","ocean_header_style":"","ocean_center_header_left_menu":"","ocean_custom_header_template":"","ocean_custom_logo":0,"ocean_custom_retina_logo":0,"ocean_custom_logo_max_width":0,"ocean_custom_logo_tablet_max_width":0,"ocean_custom_logo_mobile_max_width":0,"ocean_custom_logo_max_height":0,"ocean_custom_logo_tablet_max_height":0,"ocean_custom_logo_mobile_max_height":0,"ocean_header_custom_menu":"","ocean_menu_typo_font_family":"","ocean_menu_typo_font_subset":"","ocean_menu_typo_font_size":0,"ocean_menu_typo_font_size_tablet":0,"ocean_menu_typo_font_size_mobile":0,"ocean_menu_typo_font_size_unit":"px","ocean_menu_typo_font_weight":"","ocean_menu_typo_font_weight_tablet":"","ocean_menu_typo_font_weight_mobile":"","ocean_menu_typo_transform":"","ocean_menu_typo_transform_tablet":"","ocean_menu_typo_transform_mobile":"","ocean_menu_typo_line_height":0,"ocean_menu_typo_line_height_tablet":0,"ocean_menu_typo_line_height_mobile":0,"ocean_menu_typo_line_height_unit":"","ocean_menu_typo_spacing":0,"ocean_menu_typo_spacing_tablet":0,"ocean_menu_typo_spacing_mobile":0,"ocean_menu_typo_spacing_unit":"","ocean_menu_link_color":"","ocean_menu_link_color_hover":"","ocean_menu_link_color_active":"","ocean_menu_link_background":"","ocean_menu_link_hover_background":"","ocean_menu_link_active_background":"","ocean_menu_social_links_bg":"","ocean_menu_social_hover_links_bg":"","ocean_menu_social_links_color":"","ocean_menu_social_hover_links_color":"","ocean_disable_title":"default","ocean_disable_heading":"default","ocean_post_title":"","ocean_post_subheading":"","ocean_post_title_style":"","ocean_post_title_background_color":"","ocean_post_title_background":0,"ocean_post_title_bg_image_position":"","ocean_post_title_bg_image_attachment":"","ocean_post_title_bg_image_repeat":"","ocean_post_title_bg_image_size":"","ocean_post_title_height":0,"ocean_post_title_bg_overlay":0.5,"ocean_post_title_bg_overlay_color":"","ocean_disable_breadcrumbs":"default","ocean_breadcrumbs_color":"","ocean_breadcrumbs_separator_color":"","ocean_breadcrumbs_links_color":"","ocean_breadcrumbs_links_hover_color":"","ocean_display_footer_widgets":"default","ocean_display_footer_bottom":"default","ocean_custom_footer_template":"","footnotes":""},"class_list":["post-2246","page","type-page","status-publish","hentry","entry"],"yoast_head":"<!-- This site is optimized with the Yoast SEO plugin v25.7 - https:\/\/yoast.com\/wordpress\/plugins\/seo\/ -->\n<title>Juliette Pavy La M\u00e9moire des \u00celes - Festival Escales Photos<\/title>\n<meta name=\"robots\" content=\"index, follow, max-snippet:-1, max-image-preview:large, max-video-preview:-1\" \/>\n<link rel=\"canonical\" href=\"https:\/\/www.festival-escales-photos.fr\/index.php\/juliette-pavy-la-memoire-des-iles\/\" \/>\n<meta property=\"og:locale\" content=\"en_US\" \/>\n<meta property=\"og:type\" content=\"article\" \/>\n<meta property=\"og:title\" content=\"Juliette Pavy La M\u00e9moire des \u00celes - Festival Escales Photos\" \/>\n<meta property=\"og:description\" content=\"Juliette Pavy \u00a9Pauline de la Reveliere Le portrait de la photographe Juliette vit entre Paris et la Bretagne. Dipl\u00f4m\u00e9e en \u00e9cole d\u2019ing\u00e9nieur en biologie elle est \u00e9galement photojournaliste, elle travaille avec Le Parisien, L&#8217;Humanit\u00e9, Lib\u00e9ration, &#8230;\u00a0 La photographe d\u00e9veloppe une approche documentaire de la photographie autour de th\u00e8mes soci\u00e9taux et environnementaux. En 2020 elle a [&hellip;]\" \/>\n<meta property=\"og:url\" content=\"https:\/\/www.festival-escales-photos.fr\/index.php\/juliette-pavy-la-memoire-des-iles\/\" \/>\n<meta property=\"og:site_name\" content=\"Festival Escales Photos\" \/>\n<meta property=\"article:publisher\" content=\"https:\/\/www.facebook.com\/festivalescalesphotos\" \/>\n<meta property=\"article:modified_time\" content=\"2021-06-10T12:58:44+00:00\" \/>\n<meta property=\"og:image\" content=\"http:\/\/www.festival-escales-photos.fr\/wp-content\/uploads\/2021\/03\/juliette-pavy-photographe-bretagne.jpeg\" \/>\n<meta name=\"twitter:card\" content=\"summary_large_image\" \/>\n<meta name=\"twitter:label1\" content=\"Est. reading time\" \/>\n\t<meta name=\"twitter:data1\" content=\"1 minute\" \/>\n<script type=\"application\/ld+json\" class=\"yoast-schema-graph\">{\"@context\":\"https:\/\/schema.org\",\"@graph\":[{\"@type\":\"WebPage\",\"@id\":\"https:\/\/www.festival-escales-photos.fr\/index.php\/juliette-pavy-la-memoire-des-iles\/\",\"url\":\"https:\/\/www.festival-escales-photos.fr\/index.php\/juliette-pavy-la-memoire-des-iles\/\",\"name\":\"Juliette Pavy La M\u00e9moire des \u00celes - Festival Escales Photos\",\"isPartOf\":{\"@id\":\"http:\/\/www.festival-escales-photos.fr\/#website\"},\"primaryImageOfPage\":{\"@id\":\"https:\/\/www.festival-escales-photos.fr\/index.php\/juliette-pavy-la-memoire-des-iles\/#primaryimage\"},\"image\":{\"@id\":\"https:\/\/www.festival-escales-photos.fr\/index.php\/juliette-pavy-la-memoire-des-iles\/#primaryimage\"},\"thumbnailUrl\":\"http:\/\/www.festival-escales-photos.fr\/wp-content\/uploads\/2021\/03\/juliette-pavy-photographe-bretagne.jpeg\",\"datePublished\":\"2021-03-26T14:34:42+00:00\",\"dateModified\":\"2021-06-10T12:58:44+00:00\",\"breadcrumb\":{\"@id\":\"https:\/\/www.festival-escales-photos.fr\/index.php\/juliette-pavy-la-memoire-des-iles\/#breadcrumb\"},\"inLanguage\":\"en-US\",\"potentialAction\":[{\"@type\":\"ReadAction\",\"target\":[\"https:\/\/www.festival-escales-photos.fr\/index.php\/juliette-pavy-la-memoire-des-iles\/\"]}]},{\"@type\":\"ImageObject\",\"inLanguage\":\"en-US\",\"@id\":\"https:\/\/www.festival-escales-photos.fr\/index.php\/juliette-pavy-la-memoire-des-iles\/#primaryimage\",\"url\":\"https:\/\/www.festival-escales-photos.fr\/wp-content\/uploads\/2021\/03\/juliette-pavy-photographe-bretagne.jpeg\",\"contentUrl\":\"https:\/\/www.festival-escales-photos.fr\/wp-content\/uploads\/2021\/03\/juliette-pavy-photographe-bretagne.jpeg\",\"width\":1000,\"height\":741,\"caption\":\"Juliette Pavy entre l'art et le reportage\"},{\"@type\":\"BreadcrumbList\",\"@id\":\"https:\/\/www.festival-escales-photos.fr\/index.php\/juliette-pavy-la-memoire-des-iles\/#breadcrumb\",\"itemListElement\":[{\"@type\":\"ListItem\",\"position\":1,\"name\":\"Accueil\",\"item\":\"http:\/\/www.festival-escales-photos.fr\/\"},{\"@type\":\"ListItem\",\"position\":2,\"name\":\"Juliette Pavy La M\u00e9moire des \u00celes\"}]},{\"@type\":\"WebSite\",\"@id\":\"http:\/\/www.festival-escales-photos.fr\/#website\",\"url\":\"http:\/\/www.festival-escales-photos.fr\/\",\"name\":\"Festival Escales Photos\",\"description\":\"\",\"publisher\":{\"@id\":\"http:\/\/www.festival-escales-photos.fr\/#organization\"},\"potentialAction\":[{\"@type\":\"SearchAction\",\"target\":{\"@type\":\"EntryPoint\",\"urlTemplate\":\"http:\/\/www.festival-escales-photos.fr\/?s={search_term_string}\"},\"query-input\":{\"@type\":\"PropertyValueSpecification\",\"valueRequired\":true,\"valueName\":\"search_term_string\"}}],\"inLanguage\":\"en-US\"},{\"@type\":\"Organization\",\"@id\":\"http:\/\/www.festival-escales-photos.fr\/#organization\",\"name\":\"Festival Escales Photos\",\"url\":\"http:\/\/www.festival-escales-photos.fr\/\",\"logo\":{\"@type\":\"ImageObject\",\"inLanguage\":\"en-US\",\"@id\":\"http:\/\/www.festival-escales-photos.fr\/#\/schema\/logo\/image\/\",\"url\":\"http:\/\/www.festival-escales-photos.fr\/wp-content\/uploads\/2019\/04\/icone-escales-photos-56.jpg\",\"contentUrl\":\"http:\/\/www.festival-escales-photos.fr\/wp-content\/uploads\/2019\/04\/icone-escales-photos-56.jpg\",\"width\":512,\"height\":362,\"caption\":\"Festival Escales Photos\"},\"image\":{\"@id\":\"http:\/\/www.festival-escales-photos.fr\/#\/schema\/logo\/image\/\"},\"sameAs\":[\"https:\/\/www.facebook.com\/festivalescalesphotos\",\"https:\/\/www.instagram.com\/festivalescalesphotos\/\"]}]}<\/script>\n<!-- \/ Yoast SEO plugin. -->","yoast_head_json":{"title":"Juliette Pavy La M\u00e9moire des \u00celes - Festival Escales Photos","robots":{"index":"index","follow":"follow","max-snippet":"max-snippet:-1","max-image-preview":"max-image-preview:large","max-video-preview":"max-video-preview:-1"},"canonical":"https:\/\/www.festival-escales-photos.fr\/index.php\/juliette-pavy-la-memoire-des-iles\/","og_locale":"en_US","og_type":"article","og_title":"Juliette Pavy La M\u00e9moire des \u00celes - Festival Escales Photos","og_description":"Juliette Pavy \u00a9Pauline de la Reveliere Le portrait de la photographe Juliette vit entre Paris et la Bretagne. Dipl\u00f4m\u00e9e en \u00e9cole d\u2019ing\u00e9nieur en biologie elle est \u00e9galement photojournaliste, elle travaille avec Le Parisien, L&#8217;Humanit\u00e9, Lib\u00e9ration, &#8230;\u00a0 La photographe d\u00e9veloppe une approche documentaire de la photographie autour de th\u00e8mes soci\u00e9taux et environnementaux. En 2020 elle a [&hellip;]","og_url":"https:\/\/www.festival-escales-photos.fr\/index.php\/juliette-pavy-la-memoire-des-iles\/","og_site_name":"Festival Escales Photos","article_publisher":"https:\/\/www.facebook.com\/festivalescalesphotos","article_modified_time":"2021-06-10T12:58:44+00:00","og_image":[{"url":"http:\/\/www.festival-escales-photos.fr\/wp-content\/uploads\/2021\/03\/juliette-pavy-photographe-bretagne.jpeg","type":"","width":"","height":""}],"twitter_card":"summary_large_image","twitter_misc":{"Est. reading time":"1 minute"},"schema":{"@context":"https:\/\/schema.org","@graph":[{"@type":"WebPage","@id":"https:\/\/www.festival-escales-photos.fr\/index.php\/juliette-pavy-la-memoire-des-iles\/","url":"https:\/\/www.festival-escales-photos.fr\/index.php\/juliette-pavy-la-memoire-des-iles\/","name":"Juliette Pavy La M\u00e9moire des \u00celes - Festival Escales Photos","isPartOf":{"@id":"http:\/\/www.festival-escales-photos.fr\/#website"},"primaryImageOfPage":{"@id":"https:\/\/www.festival-escales-photos.fr\/index.php\/juliette-pavy-la-memoire-des-iles\/#primaryimage"},"image":{"@id":"https:\/\/www.festival-escales-photos.fr\/index.php\/juliette-pavy-la-memoire-des-iles\/#primaryimage"},"thumbnailUrl":"http:\/\/www.festival-escales-photos.fr\/wp-content\/uploads\/2021\/03\/juliette-pavy-photographe-bretagne.jpeg","datePublished":"2021-03-26T14:34:42+00:00","dateModified":"2021-06-10T12:58:44+00:00","breadcrumb":{"@id":"https:\/\/www.festival-escales-photos.fr\/index.php\/juliette-pavy-la-memoire-des-iles\/#breadcrumb"},"inLanguage":"en-US","potentialAction":[{"@type":"ReadAction","target":["https:\/\/www.festival-escales-photos.fr\/index.php\/juliette-pavy-la-memoire-des-iles\/"]}]},{"@type":"ImageObject","inLanguage":"en-US","@id":"https:\/\/www.festival-escales-photos.fr\/index.php\/juliette-pavy-la-memoire-des-iles\/#primaryimage","url":"https:\/\/www.festival-escales-photos.fr\/wp-content\/uploads\/2021\/03\/juliette-pavy-photographe-bretagne.jpeg","contentUrl":"https:\/\/www.festival-escales-photos.fr\/wp-content\/uploads\/2021\/03\/juliette-pavy-photographe-bretagne.jpeg","width":1000,"height":741,"caption":"Juliette Pavy entre l'art et le reportage"},{"@type":"BreadcrumbList","@id":"https:\/\/www.festival-escales-photos.fr\/index.php\/juliette-pavy-la-memoire-des-iles\/#breadcrumb","itemListElement":[{"@type":"ListItem","position":1,"name":"Accueil","item":"http:\/\/www.festival-escales-photos.fr\/"},{"@type":"ListItem","position":2,"name":"Juliette Pavy La M\u00e9moire des \u00celes"}]},{"@type":"WebSite","@id":"http:\/\/www.festival-escales-photos.fr\/#website","url":"http:\/\/www.festival-escales-photos.fr\/","name":"Festival Escales Photos","description":"","publisher":{"@id":"http:\/\/www.festival-escales-photos.fr\/#organization"},"potentialAction":[{"@type":"SearchAction","target":{"@type":"EntryPoint","urlTemplate":"http:\/\/www.festival-escales-photos.fr\/?s={search_term_string}"},"query-input":{"@type":"PropertyValueSpecification","valueRequired":true,"valueName":"search_term_string"}}],"inLanguage":"en-US"},{"@type":"Organization","@id":"http:\/\/www.festival-escales-photos.fr\/#organization","name":"Festival Escales Photos","url":"http:\/\/www.festival-escales-photos.fr\/","logo":{"@type":"ImageObject","inLanguage":"en-US","@id":"http:\/\/www.festival-escales-photos.fr\/#\/schema\/logo\/image\/","url":"http:\/\/www.festival-escales-photos.fr\/wp-content\/uploads\/2019\/04\/icone-escales-photos-56.jpg","contentUrl":"http:\/\/www.festival-escales-photos.fr\/wp-content\/uploads\/2019\/04\/icone-escales-photos-56.jpg","width":512,"height":362,"caption":"Festival Escales Photos"},"image":{"@id":"http:\/\/www.festival-escales-photos.fr\/#\/schema\/logo\/image\/"},"sameAs":["https:\/\/www.facebook.com\/festivalescalesphotos","https:\/\/www.instagram.com\/festivalescalesphotos\/"]}]}},"_links":{"self":[{"href":"https:\/\/www.festival-escales-photos.fr\/index.php\/wp-json\/wp\/v2\/pages\/2246","targetHints":{"allow":["GET"]}}],"collection":[{"href":"https:\/\/www.festival-escales-photos.fr\/index.php\/wp-json\/wp\/v2\/pages"}],"about":[{"href":"https:\/\/www.festival-escales-photos.fr\/index.php\/wp-json\/wp\/v2\/types\/page"}],"author":[{"embeddable":true,"href":"https:\/\/www.festival-escales-photos.fr\/index.php\/wp-json\/wp\/v2\/users\/1"}],"replies":[{"embeddable":true,"href":"https:\/\/www.festival-escales-photos.fr\/index.php\/wp-json\/wp\/v2\/comments?post=2246"}],"version-history":[{"count":9,"href":"https:\/\/www.festival-escales-photos.fr\/index.php\/wp-json\/wp\/v2\/pages\/2246\/revisions"}],"predecessor-version":[{"id":2552,"href":"https:\/\/www.festival-escales-photos.fr\/index.php\/wp-json\/wp\/v2\/pages\/2246\/revisions\/2552"}],"wp:attachment":[{"href":"https:\/\/www.festival-escales-photos.fr\/index.php\/wp-json\/wp\/v2\/media?parent=2246"}],"curies":[{"name":"wp","href":"https:\/\/api.w.org\/{rel}","templated":true}]}}